{"id":2731748,"date":"2025-09-04T09:49:47","date_gmt":"2025-09-04T07:49:47","guid":{"rendered":"https:\/\/arcadepowergame.fr\/?post_type=product&#038;p=2731748"},"modified":"2026-04-03T18:21:31","modified_gmt":"2026-04-03T16:21:31","slug":"borne-arcade-one-piece","status":"publish","type":"product","link":"https:\/\/arcadepowergame.fr\/index.php\/produit\/borne-arcade-one-piece\/","title":{"rendered":"Borne arcade ONE PIECE"},"content":{"rendered":"<p>Retrouvez toute la magie des <strong>salles d\u2019arcade<\/strong> avec notre <strong>borne d&#8217;arcade haut de gamme sur mesure<\/strong>, la **Z27** et son <strong>impressionnant \u00e9cran de 27&#8243;<\/strong> !<\/p>\n<p>Con\u00e7ues avec une attention minutieuse \u00e0 chaque d\u00e9tail, nos <strong>bornes d&#8217;arcade sont \u00e9volutives<\/strong> et int\u00e8grent d\u00e8s le d\u00e9part <strong>les meilleurs composants<\/strong> disponibles sur la sc\u00e8ne arcade pour une <strong>exp\u00e9rience de jeu incomparable<\/strong>.<\/p>\n<p>Que ce soit pour <strong>les familles<\/strong> ou <strong>les professionnels<\/strong>, nos <strong>bornes d&#8217;arcade<\/strong> **<strong>pr\u00e9mium<\/strong>** offrent des moments inoubliables de <strong>convivialit\u00e9<\/strong> et de <strong>plaisir<\/strong>. Revivez les jeux de <strong>votre enfance<\/strong> et <strong>partagez cette passion<\/strong> avec vos <strong>proches<\/strong>.<\/p>\n<p>Destin\u00e9es aux fans de <strong>culture geek<\/strong>, de <strong>mangas,<\/strong> de <strong>jeux vid\u00e9o<\/strong> et de <strong>s\u00e9ries vintages<\/strong> des ann\u00e9es 80 et 90, nos bornes incarnent ce brin de <strong>nostalgie<\/strong> qui fait vibrer le c\u0153ur de tous les <strong>passionn\u00e9s<\/strong>.<\/p>\n<p>Et pour encore plus de <strong>fun<\/strong>, ajoutez les <strong>Sinden Lightgun<\/strong> afin de plonger dans des classiques comme *Virtua Cop 2*, *House of the Dead 2*, et bien d&#8217;autres.<\/p>\n<p>Descriptif :<\/p>\n<p>Syst\u00e8me :<\/p>\n<p>\u2013 <b>Mini pc Intel 3,600ghz<\/b><br \/>\n&#8211; Stockage ssd 512go<br \/>\n&#8211; 12go DDR5<br \/>\n\u2013 Caisson bois 19mm <strong>m\u00e9lamin\u00e9<\/strong> haute densit\u00e9 pour un caisson propre sans peinture pour un entretien facile<br \/>\n\u2013 <b>Caisson de basse <\/b>\u00e0 l&#8217;arri\u00e8re avec<b> kit son de 120w <\/b>pour un <b>son immersif de folie&nbsp;<\/b><br \/>\n\u2013 R\u00e9glage du volume &#8220;par bouton discret \u00e0 l&#8217;arri\u00e8re&#8221; avec <strong>sortie casque<\/strong><br \/>\n\u2013 <strong>Panel<\/strong> large incurv\u00e9 \u00e0 fermeture<br \/>\n\u2013 <strong>T-Molding<\/strong> am\u00e9ricain ( couleur au choix )<br \/>\n\u2013 <strong>Marquee<\/strong> et <strong>Bezel<\/strong> en verre de 4 mm&nbsp;<br \/>\n\u2013 &nbsp;<strong>Bouton ( haut de gamme japonais SANWA )<\/strong>couleur au choix avec custom lumineux ( d\u00e9sactivable )<br \/>\n\u2013 2 <strong>joysticks ( haut de gamme japonais SANWA&nbsp;)<\/strong>&nbsp;couleur au choix &nbsp;avec restricteur circulaire ( pour une meilleur approche des jeux de bastons ) et tige longue afin de ne pas frotter votre vinyle<br \/>\n\u2013 double sorti usb pour pouvoir rajouter des manettes, des gun ou un clavier usb<br \/>\n\u2013 <strong>Ecran gamer<\/strong> neuf 27\u2019\u2019 16 :9 neuf ( dalle IPS )<br \/>\n\u2013 Traitement <strong>Pixel Perfect <\/strong>sur 96% du syst\u00e8me ( encore mieux que les scanlines ) pour un rendu graphique au plus pr\u00eat du jeux original sans concession !!!<br \/>\n\u2013 Impression <strong>personnalisable sur mesure<\/strong> avec artwork PVC mate laminer traitement UV pour une meilleur resistance<br \/>\n\u2013 Dimensions P:71.3 cm \u2013 L:69 cm \u2013 H:174.6 cm<br \/>\n\u2013 Poids : 75kg<br \/>\n\u2013 <strong>La Borne d\u2019arcade<\/strong> &nbsp;est <strong>garantie<\/strong> 2 ans .<\/p>\n<p>&#8211; C<strong>onception<\/strong> , <strong>assemblage<\/strong> et l&#8217;<strong>usinage<\/strong>&nbsp;<strong>made in france <\/strong>pour <strong>les meilleurs bornes d&#8217;arcade <\/strong>au top de la<strong> qualit\u00e9<\/strong><\/p>\n<p><strong>Monnayeur<\/strong> \u00e0 double cash box actif possible , contactez nous<\/p>\n<p>D\u00e9lais de construction : 4 \u00e0 5 semaines . Un devis vous sera \u00e9dit\u00e9 avant de passer commande afin de que nous voyons ensemble <strong>votre projet<\/strong>.<\/p>\n<p>Des questions ? Contactez nous par t\u00e9l\u00e9phone au <strong>07.60.17.52.81<\/strong> ou par mail \u00e0 arcadepowergame@gmail.com<\/p>\n<p><strong>Arcade Power Game<\/strong><\/p>\n<p>&nbsp;<\/p>\n<p>Vid\u00e9o borne d&#8217;arcade Z27&nbsp;custom :<\/p>\n<p><iframe loading=\"lazy\" title=\"Borne d&#039;arcade haut de gamme mini pc\" width=\"640\" height=\"360\" src=\"https:\/\/www.youtube.com\/embed\/mxbiwGJZtoc?feature=oembed\" frameborder=\"0\" allow=\"accelerometer; autoplay; clipboard-write; encrypted-media; gyroscope; picture-in-picture; web-share\" referrerpolicy=\"strict-origin-when-cross-origin\" allowfullscreen><\/iframe><\/p>\n<p>&nbsp;<\/p>\n","protected":false},"excerpt":{"rendered":"<p>Nos <strong>bornes d&#8217;arcade design<\/strong> sont parfaitement adapt\u00e9es pour les entreprises ou les familles ( tout est adaptable suivant vos besoins ) pour :<\/p>\n<ul>\n<li>Vous permettre de fid\u00e9liser vos clients<\/li>\n<li>D&#8217; avoir un revenue suppl\u00e9mentaire<\/li>\n<li>D\u00e9velopper votre marque gr\u00e2ce \u00e0 l&#8217;insertion de votre logo sur la borne d&#8217;arcade<\/li>\n<li>Permet de d\u00e9velopper des activit\u00e9s de coh\u00e9sion d&#8217;\u00e9quipe .<\/li>\n<li>Distraire des enfants afin que votre \u00e9quipe puisse travaill\u00e9e avec vos clients<\/li>\n<li>Organiser des \u00e9v\u00e9nements<\/li>\n<li>Partager un moment convivial en famille ou entre amis<\/li>\n<li>les commandes &amp; boutons haut de gamme sont d\u00e9ja compris dans le prix ainsi que le design personnalis\u00e9 si besoin<\/li>\n<\/ul>\n<p>La borne est simple d\u2019utilisation. Tout est d\u00e9j\u00e0 param\u00e9trer , vous avez juste \u00e0 allumer et jou\u00e9<\/p>\n","protected":false},"featured_media":2731755,"comment_status":"open","ping_status":"closed","template":"","meta":{"_monsterinsights_skip_tracking":false,"_monsterinsights_sitenote_active":false,"_monsterinsights_sitenote_note":"","_monsterinsights_sitenote_category":0,"_mbp_gutenberg_autopost":false,"ngg_post_thumbnail":0},"product_brand":[],"product_cat":[34],"product_tag":[],"class_list":{"0":"post-2731748","1":"product","2":"type-product","3":"status-publish","4":"has-post-thumbnail","6":"product_cat-borne-arcade-premium-complet-pret-a-jouer","8":"first","9":"instock","10":"shipping-taxable","11":"purchasable","12":"product-type-simple"},"yoast_head":"<!-- This site is optimized with the Yoast SEO plugin v27.2 - https:\/\/yoast.com\/product\/yoast-seo-wordpress\/ -->\n<title>Borne arcade ONE PIECE | Raspberry Pi 5| Pc<\/title>\n<meta name=\"description\" content=\"Borne d&#039;arcade haut de gamme avec \u00e9cran HD 27&quot; , son immersif et une grande s\u00e9lection de jeux pour une exp\u00e9rience de jeu ultime. Neuve &amp; Garantie\" \/>\n<meta name=\"robots\" content=\"index, follow, max-snippet:-1, max-image-preview:large, max-video-preview:-1\" \/>\n<link rel=\"canonical\" href=\"https:\/\/arcadepowergame.fr\/index.php\/produit\/borne-arcade-one-piece\/\" \/>\n<meta property=\"og:locale\" content=\"fr_FR\" \/>\n<meta property=\"og:type\" content=\"article\" \/>\n<meta property=\"og:title\" content=\"Borne arcade ONE PIECE | Raspberry Pi 5| Pc\" \/>\n<meta property=\"og:description\" content=\"Borne d&#039;arcade haut de gamme avec \u00e9cran HD 27&quot; , son immersif et une grande s\u00e9lection de jeux pour une exp\u00e9rience de jeu ultime. Neuve &amp; Garantie\" \/>\n<meta property=\"og:url\" content=\"https:\/\/arcadepowergame.fr\/index.php\/produit\/borne-arcade-one-piece\/\" \/>\n<meta property=\"og:site_name\" content=\"Arcade Power Game\" \/>\n<meta property=\"article:publisher\" content=\"https:\/\/www.facebook.com\/arcadepowergame\/?ref=bookmarks\" \/>\n<meta property=\"article:modified_time\" content=\"2026-04-03T16:21:31+00:00\" \/>\n<meta property=\"og:image\" content=\"https:\/\/arcadepowergame.fr\/wp-content\/uploads\/2025\/09\/borne-arcade-ONE-PIECE-e1756972412319.jpg\" \/>\n\t<meta property=\"og:image:width\" content=\"600\" \/>\n\t<meta property=\"og:image:height\" content=\"1095\" \/>\n\t<meta property=\"og:image:type\" content=\"image\/jpeg\" \/>\n<meta name=\"twitter:card\" content=\"summary_large_image\" \/>\n<meta name=\"twitter:label1\" content=\"Dur\u00e9e de lecture estim\u00e9e\" \/>\n\t<meta name=\"twitter:data1\" content=\"3 minutes\" \/>\n<script type=\"application\/ld+json\" class=\"yoast-schema-graph\">{\"@context\":\"https:\/\/schema.org\",\"@graph\":[{\"@type\":\"WebPage\",\"@id\":\"https:\/\/arcadepowergame.fr\/index.php\/produit\/borne-arcade-one-piece\/\",\"url\":\"https:\/\/arcadepowergame.fr\/index.php\/produit\/borne-arcade-one-piece\/\",\"name\":\"Borne arcade ONE PIECE | Raspberry Pi 5| Pc\",\"isPartOf\":{\"@id\":\"https:\/\/arcadepowergame.fr\/#website\"},\"primaryImageOfPage\":{\"@id\":\"https:\/\/arcadepowergame.fr\/index.php\/produit\/borne-arcade-one-piece\/#primaryimage\"},\"image\":{\"@id\":\"https:\/\/arcadepowergame.fr\/index.php\/produit\/borne-arcade-one-piece\/#primaryimage\"},\"thumbnailUrl\":\"https:\/\/arcadepowergame.fr\/wp-content\/uploads\/2025\/09\/borne-arcade-ONE-PIECE-e1756972412319.jpg\",\"datePublished\":\"2025-09-04T07:49:47+00:00\",\"dateModified\":\"2026-04-03T16:21:31+00:00\",\"description\":\"Borne d'arcade haut de gamme avec \u00e9cran HD 27\\\" , son immersif et une grande s\u00e9lection de jeux pour une exp\u00e9rience de jeu ultime. Neuve & Garantie\",\"breadcrumb\":{\"@id\":\"https:\/\/arcadepowergame.fr\/index.php\/produit\/borne-arcade-one-piece\/#breadcrumb\"},\"inLanguage\":\"fr-FR\",\"potentialAction\":[{\"@type\":\"ReadAction\",\"target\":[\"https:\/\/arcadepowergame.fr\/index.php\/produit\/borne-arcade-one-piece\/\"]}]},{\"@type\":\"ImageObject\",\"inLanguage\":\"fr-FR\",\"@id\":\"https:\/\/arcadepowergame.fr\/index.php\/produit\/borne-arcade-one-piece\/#primaryimage\",\"url\":\"https:\/\/arcadepowergame.fr\/wp-content\/uploads\/2025\/09\/borne-arcade-ONE-PIECE-e1756972412319.jpg\",\"contentUrl\":\"https:\/\/arcadepowergame.fr\/wp-content\/uploads\/2025\/09\/borne-arcade-ONE-PIECE-e1756972412319.jpg\",\"width\":600,\"height\":1095},{\"@type\":\"BreadcrumbList\",\"@id\":\"https:\/\/arcadepowergame.fr\/index.php\/produit\/borne-arcade-one-piece\/#breadcrumb\",\"itemListElement\":[{\"@type\":\"ListItem\",\"position\":1,\"name\":\"Accueil\",\"item\":\"https:\/\/arcadepowergame.fr\/\"},{\"@type\":\"ListItem\",\"position\":2,\"name\":\"Boutique\",\"item\":\"https:\/\/arcadepowergame.fr\/index.php\/boutique\/\"},{\"@type\":\"ListItem\",\"position\":3,\"name\":\"Borne Arcade Premium pr\u00eat \u00e0 jouer Z27\",\"item\":\"https:\/\/arcadepowergame.fr\/index.php\/categorie-produit\/borne-arcade-premium-complet-pret-a-jouer\/\"},{\"@type\":\"ListItem\",\"position\":4,\"name\":\"Borne arcade ONE PIECE\"}]},{\"@type\":\"WebSite\",\"@id\":\"https:\/\/arcadepowergame.fr\/#website\",\"url\":\"https:\/\/arcadepowergame.fr\/\",\"name\":\"Arcade Power Game\",\"description\":\"Fabrication haut de gamme et sur mesure de bartops et bornes d&#039;arcade\",\"publisher\":{\"@id\":\"https:\/\/arcadepowergame.fr\/#organization\"},\"potentialAction\":[{\"@type\":\"SearchAction\",\"target\":{\"@type\":\"EntryPoint\",\"urlTemplate\":\"https:\/\/arcadepowergame.fr\/?s={search_term_string}\"},\"query-input\":{\"@type\":\"PropertyValueSpecification\",\"valueRequired\":true,\"valueName\":\"search_term_string\"}}],\"inLanguage\":\"fr-FR\"},{\"@type\":\"Organization\",\"@id\":\"https:\/\/arcadepowergame.fr\/#organization\",\"name\":\"Arcade Power Game\",\"url\":\"https:\/\/arcadepowergame.fr\/\",\"logo\":{\"@type\":\"ImageObject\",\"inLanguage\":\"fr-FR\",\"@id\":\"https:\/\/arcadepowergame.fr\/#\/schema\/logo\/image\/\",\"url\":\"https:\/\/arcadepowergame.fr\/wp-content\/uploads\/2021\/01\/Arcadepowergame1080p-e1611141951764.jpg\",\"contentUrl\":\"https:\/\/arcadepowergame.fr\/wp-content\/uploads\/2021\/01\/Arcadepowergame1080p-e1611141951764.jpg\",\"width\":610,\"height\":343,\"caption\":\"Arcade Power Game\"},\"image\":{\"@id\":\"https:\/\/arcadepowergame.fr\/#\/schema\/logo\/image\/\"},\"sameAs\":[\"https:\/\/www.facebook.com\/arcadepowergame\/?ref=bookmarks\"]}]}<\/script>\n<!-- \/ Yoast SEO plugin. -->","yoast_head_json":{"title":"Borne arcade ONE PIECE | Raspberry Pi 5| Pc","description":"Borne d'arcade haut de gamme avec \u00e9cran HD 27\" , son immersif et une grande s\u00e9lection de jeux pour une exp\u00e9rience de jeu ultime. Neuve & Garantie","robots":{"index":"index","follow":"follow","max-snippet":"max-snippet:-1","max-image-preview":"max-image-preview:large","max-video-preview":"max-video-preview:-1"},"canonical":"https:\/\/arcadepowergame.fr\/index.php\/produit\/borne-arcade-one-piece\/","og_locale":"fr_FR","og_type":"article","og_title":"Borne arcade ONE PIECE | Raspberry Pi 5| Pc","og_description":"Borne d'arcade haut de gamme avec \u00e9cran HD 27\" , son immersif et une grande s\u00e9lection de jeux pour une exp\u00e9rience de jeu ultime. Neuve & Garantie","og_url":"https:\/\/arcadepowergame.fr\/index.php\/produit\/borne-arcade-one-piece\/","og_site_name":"Arcade Power Game","article_publisher":"https:\/\/www.facebook.com\/arcadepowergame\/?ref=bookmarks","article_modified_time":"2026-04-03T16:21:31+00:00","og_image":[{"width":600,"height":1095,"url":"https:\/\/arcadepowergame.fr\/wp-content\/uploads\/2025\/09\/borne-arcade-ONE-PIECE-e1756972412319.jpg","type":"image\/jpeg"}],"twitter_card":"summary_large_image","twitter_misc":{"Dur\u00e9e de lecture estim\u00e9e":"3 minutes"},"schema":{"@context":"https:\/\/schema.org","@graph":[{"@type":"WebPage","@id":"https:\/\/arcadepowergame.fr\/index.php\/produit\/borne-arcade-one-piece\/","url":"https:\/\/arcadepowergame.fr\/index.php\/produit\/borne-arcade-one-piece\/","name":"Borne arcade ONE PIECE | Raspberry Pi 5| Pc","isPartOf":{"@id":"https:\/\/arcadepowergame.fr\/#website"},"primaryImageOfPage":{"@id":"https:\/\/arcadepowergame.fr\/index.php\/produit\/borne-arcade-one-piece\/#primaryimage"},"image":{"@id":"https:\/\/arcadepowergame.fr\/index.php\/produit\/borne-arcade-one-piece\/#primaryimage"},"thumbnailUrl":"https:\/\/arcadepowergame.fr\/wp-content\/uploads\/2025\/09\/borne-arcade-ONE-PIECE-e1756972412319.jpg","datePublished":"2025-09-04T07:49:47+00:00","dateModified":"2026-04-03T16:21:31+00:00","description":"Borne d'arcade haut de gamme avec \u00e9cran HD 27\" , son immersif et une grande s\u00e9lection de jeux pour une exp\u00e9rience de jeu ultime. Neuve & Garantie","breadcrumb":{"@id":"https:\/\/arcadepowergame.fr\/index.php\/produit\/borne-arcade-one-piece\/#breadcrumb"},"inLanguage":"fr-FR","potentialAction":[{"@type":"ReadAction","target":["https:\/\/arcadepowergame.fr\/index.php\/produit\/borne-arcade-one-piece\/"]}]},{"@type":"ImageObject","inLanguage":"fr-FR","@id":"https:\/\/arcadepowergame.fr\/index.php\/produit\/borne-arcade-one-piece\/#primaryimage","url":"https:\/\/arcadepowergame.fr\/wp-content\/uploads\/2025\/09\/borne-arcade-ONE-PIECE-e1756972412319.jpg","contentUrl":"https:\/\/arcadepowergame.fr\/wp-content\/uploads\/2025\/09\/borne-arcade-ONE-PIECE-e1756972412319.jpg","width":600,"height":1095},{"@type":"BreadcrumbList","@id":"https:\/\/arcadepowergame.fr\/index.php\/produit\/borne-arcade-one-piece\/#breadcrumb","itemListElement":[{"@type":"ListItem","position":1,"name":"Accueil","item":"https:\/\/arcadepowergame.fr\/"},{"@type":"ListItem","position":2,"name":"Boutique","item":"https:\/\/arcadepowergame.fr\/index.php\/boutique\/"},{"@type":"ListItem","position":3,"name":"Borne Arcade Premium pr\u00eat \u00e0 jouer Z27","item":"https:\/\/arcadepowergame.fr\/index.php\/categorie-produit\/borne-arcade-premium-complet-pret-a-jouer\/"},{"@type":"ListItem","position":4,"name":"Borne arcade ONE PIECE"}]},{"@type":"WebSite","@id":"https:\/\/arcadepowergame.fr\/#website","url":"https:\/\/arcadepowergame.fr\/","name":"Arcade Power Game","description":"Fabrication haut de gamme et sur mesure de bartops et bornes d&#039;arcade","publisher":{"@id":"https:\/\/arcadepowergame.fr\/#organization"},"potentialAction":[{"@type":"SearchAction","target":{"@type":"EntryPoint","urlTemplate":"https:\/\/arcadepowergame.fr\/?s={search_term_string}"},"query-input":{"@type":"PropertyValueSpecification","valueRequired":true,"valueName":"search_term_string"}}],"inLanguage":"fr-FR"},{"@type":"Organization","@id":"https:\/\/arcadepowergame.fr\/#organization","name":"Arcade Power Game","url":"https:\/\/arcadepowergame.fr\/","logo":{"@type":"ImageObject","inLanguage":"fr-FR","@id":"https:\/\/arcadepowergame.fr\/#\/schema\/logo\/image\/","url":"https:\/\/arcadepowergame.fr\/wp-content\/uploads\/2021\/01\/Arcadepowergame1080p-e1611141951764.jpg","contentUrl":"https:\/\/arcadepowergame.fr\/wp-content\/uploads\/2021\/01\/Arcadepowergame1080p-e1611141951764.jpg","width":610,"height":343,"caption":"Arcade Power Game"},"image":{"@id":"https:\/\/arcadepowergame.fr\/#\/schema\/logo\/image\/"},"sameAs":["https:\/\/www.facebook.com\/arcadepowergame\/?ref=bookmarks"]}]}},"_links":{"self":[{"href":"https:\/\/arcadepowergame.fr\/index.php\/wp-json\/wp\/v2\/product\/2731748","targetHints":{"allow":["GET"]}}],"collection":[{"href":"https:\/\/arcadepowergame.fr\/index.php\/wp-json\/wp\/v2\/product"}],"about":[{"href":"https:\/\/arcadepowergame.fr\/index.php\/wp-json\/wp\/v2\/types\/product"}],"replies":[{"embeddable":true,"href":"https:\/\/arcadepowergame.fr\/index.php\/wp-json\/wp\/v2\/comments?post=2731748"}],"wp:featuredmedia":[{"embeddable":true,"href":"https:\/\/arcadepowergame.fr\/index.php\/wp-json\/wp\/v2\/media\/2731755"}],"wp:attachment":[{"href":"https:\/\/arcadepowergame.fr\/index.php\/wp-json\/wp\/v2\/media?parent=2731748"}],"wp:term":[{"taxonomy":"product_brand","embeddable":true,"href":"https:\/\/arcadepowergame.fr\/index.php\/wp-json\/wp\/v2\/product_brand?post=2731748"},{"taxonomy":"product_cat","embeddable":true,"href":"https:\/\/arcadepowergame.fr\/index.php\/wp-json\/wp\/v2\/product_cat?post=2731748"},{"taxonomy":"product_tag","embeddable":true,"href":"https:\/\/arcadepowergame.fr\/index.php\/wp-json\/wp\/v2\/product_tag?post=2731748"}],"curies":[{"name":"wp","href":"https:\/\/api.w.org\/{rel}","templated":true}]}}