{"id":181,"date":"2017-08-16T22:15:19","date_gmt":"2017-08-16T20:15:19","guid":{"rendered":"http:\/\/arcadepowergame.fr\/?post_type=product&#038;p=181"},"modified":"2024-11-13T15:05:58","modified_gmt":"2024-11-13T14:05:58","slug":"minitel-arcade","status":"publish","type":"product","link":"https:\/\/arcadepowergame.fr\/index.php\/produit\/minitel-arcade\/","title":{"rendered":"Bartop arcade minitel"},"content":{"rendered":"<p>Arcade Power Game remasterise des pi\u00e8ces de collection comme le bon vieux Minitel 1. Ce mini bartel est notre pr\u00e9f\u00e9r\u00e9 car c&#8217;est aussi un objet de collection et de design hors norme.<\/p>\n<p>Contactez nous par email :&nbsp;<a href=\"mailto:arcadepowergame@gmail.com\">arcadepowergame@gmail.com<\/a>&nbsp;<\/p>\n<p>Descriptif :<\/p>\n<ul>\n<li style=\"list-style-type: none;\">\n<ul>\n<li>Caisson plastique (colorie au choix)<\/li>\n<li>Raspberry pi 4<\/li>\n<li>1 port USB<\/li>\n<li>Carte SD 128g<\/li>\n<li>Bezel impression 3D en ABS<\/li>\n<li>Panel impression 3D en ABS<\/li>\n<li>Enceinte 2x10W<\/li>\n<li>Amplificateur st\u00e9r\u00e9o r\u00e9glable<\/li>\n<li>Ecran LED HD 8\u2019\u2019<\/li>\n<li>8 boutons SANWA coloris au choix ( chrome ou argent nous demand\u00e9 )<\/li>\n<li>1 joystick SANWA coloris au choix ( chrome ou argent nous demand\u00e9 )<\/li>\n<li>Impression artwork panel polym\u00e8re de haute qualit\u00e9 sur mesure<\/li>\n<li>D\u00e9port carte sd<\/li>\n<\/ul>\n<\/li>\n<\/ul>\n<ul>\n<li>Dimension :<br \/>\nHauteur 24cm<br \/>\nLargeur 27cm<br \/>\nProfondeur 24cm<\/li>\n<\/ul>\n<p>Compatible jusqu&#8217;a 9100 jeux offert<\/p>\n<p>Le mini bartel 1 player est garantie 2 ans.<\/p>\n<p>D\u00e9lais de construction : 4 semaines<\/p>\n<p>Contactez nous avant toute commande de ce produit afin de d\u00e9finir vos choix de customisation<\/p>\n","protected":false},"excerpt":{"rendered":"<p>Contactez nous avant toute commande de ce produit afin de d\u00e9finir vos choix de customisation<\/p>\n","protected":false},"featured_media":1554,"comment_status":"open","ping_status":"closed","template":"","meta":{"_monsterinsights_skip_tracking":false,"_monsterinsights_sitenote_active":false,"_monsterinsights_sitenote_note":"","_monsterinsights_sitenote_category":0,"_mbp_gutenberg_autopost":false,"ngg_post_thumbnail":0},"product_brand":[],"product_cat":[50],"product_tag":[],"class_list":{"0":"post-181","1":"product","2":"type-product","3":"status-publish","4":"has-post-thumbnail","6":"product_cat-bartop-arcade-premium-pret-a-jouer","8":"first","9":"instock","10":"sold-individually","11":"shipping-taxable","12":"purchasable","13":"product-type-simple"},"yoast_head":"<!-- This site is optimized with the Yoast SEO plugin v27.2 - https:\/\/yoast.com\/product\/yoast-seo-wordpress\/ -->\n<title>Bartop arcade minitel | Arcade Power Game<\/title>\n<meta name=\"robots\" content=\"index, follow, max-snippet:-1, max-image-preview:large, max-video-preview:-1\" \/>\n<link rel=\"canonical\" href=\"https:\/\/arcadepowergame.fr\/index.php\/produit\/minitel-arcade\/\" \/>\n<meta property=\"og:locale\" content=\"fr_FR\" \/>\n<meta property=\"og:type\" content=\"article\" \/>\n<meta property=\"og:title\" content=\"Bartop arcade minitel | Arcade Power Game\" \/>\n<meta property=\"og:description\" content=\"Contactez nous avant toute commande de ce produit afin de d\u00e9finir vos choix de customisation\" \/>\n<meta property=\"og:url\" content=\"https:\/\/arcadepowergame.fr\/index.php\/produit\/minitel-arcade\/\" \/>\n<meta property=\"og:site_name\" content=\"Arcade Power Game\" \/>\n<meta property=\"article:publisher\" content=\"https:\/\/www.facebook.com\/arcadepowergame\/?ref=bookmarks\" \/>\n<meta property=\"article:modified_time\" content=\"2024-11-13T14:05:58+00:00\" \/>\n<meta property=\"og:image\" content=\"https:\/\/arcadepowergame.fr\/wp-content\/uploads\/2017\/08\/unnamed-24.jpg\" \/>\n\t<meta property=\"og:image:width\" content=\"1075\" \/>\n\t<meta property=\"og:image:height\" content=\"1010\" \/>\n\t<meta property=\"og:image:type\" content=\"image\/jpeg\" \/>\n<meta name=\"twitter:card\" content=\"summary_large_image\" \/>\n<meta name=\"twitter:label1\" content=\"Dur\u00e9e de lecture estim\u00e9e\" \/>\n\t<meta name=\"twitter:data1\" content=\"1 minute\" \/>\n<script type=\"application\/ld+json\" class=\"yoast-schema-graph\">{\"@context\":\"https:\/\/schema.org\",\"@graph\":[{\"@type\":\"WebPage\",\"@id\":\"https:\/\/arcadepowergame.fr\/index.php\/produit\/minitel-arcade\/\",\"url\":\"https:\/\/arcadepowergame.fr\/index.php\/produit\/minitel-arcade\/\",\"name\":\"Bartop arcade minitel | Arcade Power Game\",\"isPartOf\":{\"@id\":\"https:\/\/arcadepowergame.fr\/#website\"},\"primaryImageOfPage\":{\"@id\":\"https:\/\/arcadepowergame.fr\/index.php\/produit\/minitel-arcade\/#primaryimage\"},\"image\":{\"@id\":\"https:\/\/arcadepowergame.fr\/index.php\/produit\/minitel-arcade\/#primaryimage\"},\"thumbnailUrl\":\"https:\/\/arcadepowergame.fr\/wp-content\/uploads\/2017\/08\/unnamed-24.jpg\",\"datePublished\":\"2017-08-16T20:15:19+00:00\",\"dateModified\":\"2024-11-13T14:05:58+00:00\",\"breadcrumb\":{\"@id\":\"https:\/\/arcadepowergame.fr\/index.php\/produit\/minitel-arcade\/#breadcrumb\"},\"inLanguage\":\"fr-FR\",\"potentialAction\":[{\"@type\":\"ReadAction\",\"target\":[\"https:\/\/arcadepowergame.fr\/index.php\/produit\/minitel-arcade\/\"]}]},{\"@type\":\"ImageObject\",\"inLanguage\":\"fr-FR\",\"@id\":\"https:\/\/arcadepowergame.fr\/index.php\/produit\/minitel-arcade\/#primaryimage\",\"url\":\"https:\/\/arcadepowergame.fr\/wp-content\/uploads\/2017\/08\/unnamed-24.jpg\",\"contentUrl\":\"https:\/\/arcadepowergame.fr\/wp-content\/uploads\/2017\/08\/unnamed-24.jpg\",\"width\":1075,\"height\":1010},{\"@type\":\"BreadcrumbList\",\"@id\":\"https:\/\/arcadepowergame.fr\/index.php\/produit\/minitel-arcade\/#breadcrumb\",\"itemListElement\":[{\"@type\":\"ListItem\",\"position\":1,\"name\":\"Accueil\",\"item\":\"https:\/\/arcadepowergame.fr\/\"},{\"@type\":\"ListItem\",\"position\":2,\"name\":\"Boutique\",\"item\":\"https:\/\/arcadepowergame.fr\/index.php\/boutique\/\"},{\"@type\":\"ListItem\",\"position\":3,\"name\":\"Bartop Arcade Premium pr\u00eat \u00e0 jouer\",\"item\":\"https:\/\/arcadepowergame.fr\/index.php\/categorie-produit\/bartop-arcade-premium-pret-a-jouer\/\"},{\"@type\":\"ListItem\",\"position\":4,\"name\":\"Bartop arcade minitel\"}]},{\"@type\":\"WebSite\",\"@id\":\"https:\/\/arcadepowergame.fr\/#website\",\"url\":\"https:\/\/arcadepowergame.fr\/\",\"name\":\"Arcade Power Game\",\"description\":\"Fabrication haut de gamme et sur mesure de bartops et bornes d&#039;arcade\",\"publisher\":{\"@id\":\"https:\/\/arcadepowergame.fr\/#organization\"},\"potentialAction\":[{\"@type\":\"SearchAction\",\"target\":{\"@type\":\"EntryPoint\",\"urlTemplate\":\"https:\/\/arcadepowergame.fr\/?s={search_term_string}\"},\"query-input\":{\"@type\":\"PropertyValueSpecification\",\"valueRequired\":true,\"valueName\":\"search_term_string\"}}],\"inLanguage\":\"fr-FR\"},{\"@type\":\"Organization\",\"@id\":\"https:\/\/arcadepowergame.fr\/#organization\",\"name\":\"Arcade Power Game\",\"url\":\"https:\/\/arcadepowergame.fr\/\",\"logo\":{\"@type\":\"ImageObject\",\"inLanguage\":\"fr-FR\",\"@id\":\"https:\/\/arcadepowergame.fr\/#\/schema\/logo\/image\/\",\"url\":\"https:\/\/arcadepowergame.fr\/wp-content\/uploads\/2021\/01\/Arcadepowergame1080p-e1611141951764.jpg\",\"contentUrl\":\"https:\/\/arcadepowergame.fr\/wp-content\/uploads\/2021\/01\/Arcadepowergame1080p-e1611141951764.jpg\",\"width\":610,\"height\":343,\"caption\":\"Arcade Power Game\"},\"image\":{\"@id\":\"https:\/\/arcadepowergame.fr\/#\/schema\/logo\/image\/\"},\"sameAs\":[\"https:\/\/www.facebook.com\/arcadepowergame\/?ref=bookmarks\"]}]}<\/script>\n<!-- \/ Yoast SEO plugin. -->","yoast_head_json":{"title":"Bartop arcade minitel | Arcade Power Game","robots":{"index":"index","follow":"follow","max-snippet":"max-snippet:-1","max-image-preview":"max-image-preview:large","max-video-preview":"max-video-preview:-1"},"canonical":"https:\/\/arcadepowergame.fr\/index.php\/produit\/minitel-arcade\/","og_locale":"fr_FR","og_type":"article","og_title":"Bartop arcade minitel | Arcade Power Game","og_description":"Contactez nous avant toute commande de ce produit afin de d\u00e9finir vos choix de customisation","og_url":"https:\/\/arcadepowergame.fr\/index.php\/produit\/minitel-arcade\/","og_site_name":"Arcade Power Game","article_publisher":"https:\/\/www.facebook.com\/arcadepowergame\/?ref=bookmarks","article_modified_time":"2024-11-13T14:05:58+00:00","og_image":[{"width":1075,"height":1010,"url":"https:\/\/arcadepowergame.fr\/wp-content\/uploads\/2017\/08\/unnamed-24.jpg","type":"image\/jpeg"}],"twitter_card":"summary_large_image","twitter_misc":{"Dur\u00e9e de lecture estim\u00e9e":"1 minute"},"schema":{"@context":"https:\/\/schema.org","@graph":[{"@type":"WebPage","@id":"https:\/\/arcadepowergame.fr\/index.php\/produit\/minitel-arcade\/","url":"https:\/\/arcadepowergame.fr\/index.php\/produit\/minitel-arcade\/","name":"Bartop arcade minitel | Arcade Power Game","isPartOf":{"@id":"https:\/\/arcadepowergame.fr\/#website"},"primaryImageOfPage":{"@id":"https:\/\/arcadepowergame.fr\/index.php\/produit\/minitel-arcade\/#primaryimage"},"image":{"@id":"https:\/\/arcadepowergame.fr\/index.php\/produit\/minitel-arcade\/#primaryimage"},"thumbnailUrl":"https:\/\/arcadepowergame.fr\/wp-content\/uploads\/2017\/08\/unnamed-24.jpg","datePublished":"2017-08-16T20:15:19+00:00","dateModified":"2024-11-13T14:05:58+00:00","breadcrumb":{"@id":"https:\/\/arcadepowergame.fr\/index.php\/produit\/minitel-arcade\/#breadcrumb"},"inLanguage":"fr-FR","potentialAction":[{"@type":"ReadAction","target":["https:\/\/arcadepowergame.fr\/index.php\/produit\/minitel-arcade\/"]}]},{"@type":"ImageObject","inLanguage":"fr-FR","@id":"https:\/\/arcadepowergame.fr\/index.php\/produit\/minitel-arcade\/#primaryimage","url":"https:\/\/arcadepowergame.fr\/wp-content\/uploads\/2017\/08\/unnamed-24.jpg","contentUrl":"https:\/\/arcadepowergame.fr\/wp-content\/uploads\/2017\/08\/unnamed-24.jpg","width":1075,"height":1010},{"@type":"BreadcrumbList","@id":"https:\/\/arcadepowergame.fr\/index.php\/produit\/minitel-arcade\/#breadcrumb","itemListElement":[{"@type":"ListItem","position":1,"name":"Accueil","item":"https:\/\/arcadepowergame.fr\/"},{"@type":"ListItem","position":2,"name":"Boutique","item":"https:\/\/arcadepowergame.fr\/index.php\/boutique\/"},{"@type":"ListItem","position":3,"name":"Bartop Arcade Premium pr\u00eat \u00e0 jouer","item":"https:\/\/arcadepowergame.fr\/index.php\/categorie-produit\/bartop-arcade-premium-pret-a-jouer\/"},{"@type":"ListItem","position":4,"name":"Bartop arcade minitel"}]},{"@type":"WebSite","@id":"https:\/\/arcadepowergame.fr\/#website","url":"https:\/\/arcadepowergame.fr\/","name":"Arcade Power Game","description":"Fabrication haut de gamme et sur mesure de bartops et bornes d&#039;arcade","publisher":{"@id":"https:\/\/arcadepowergame.fr\/#organization"},"potentialAction":[{"@type":"SearchAction","target":{"@type":"EntryPoint","urlTemplate":"https:\/\/arcadepowergame.fr\/?s={search_term_string}"},"query-input":{"@type":"PropertyValueSpecification","valueRequired":true,"valueName":"search_term_string"}}],"inLanguage":"fr-FR"},{"@type":"Organization","@id":"https:\/\/arcadepowergame.fr\/#organization","name":"Arcade Power Game","url":"https:\/\/arcadepowergame.fr\/","logo":{"@type":"ImageObject","inLanguage":"fr-FR","@id":"https:\/\/arcadepowergame.fr\/#\/schema\/logo\/image\/","url":"https:\/\/arcadepowergame.fr\/wp-content\/uploads\/2021\/01\/Arcadepowergame1080p-e1611141951764.jpg","contentUrl":"https:\/\/arcadepowergame.fr\/wp-content\/uploads\/2021\/01\/Arcadepowergame1080p-e1611141951764.jpg","width":610,"height":343,"caption":"Arcade Power Game"},"image":{"@id":"https:\/\/arcadepowergame.fr\/#\/schema\/logo\/image\/"},"sameAs":["https:\/\/www.facebook.com\/arcadepowergame\/?ref=bookmarks"]}]}},"_links":{"self":[{"href":"https:\/\/arcadepowergame.fr\/index.php\/wp-json\/wp\/v2\/product\/181","targetHints":{"allow":["GET"]}}],"collection":[{"href":"https:\/\/arcadepowergame.fr\/index.php\/wp-json\/wp\/v2\/product"}],"about":[{"href":"https:\/\/arcadepowergame.fr\/index.php\/wp-json\/wp\/v2\/types\/product"}],"replies":[{"embeddable":true,"href":"https:\/\/arcadepowergame.fr\/index.php\/wp-json\/wp\/v2\/comments?post=181"}],"wp:featuredmedia":[{"embeddable":true,"href":"https:\/\/arcadepowergame.fr\/index.php\/wp-json\/wp\/v2\/media\/1554"}],"wp:attachment":[{"href":"https:\/\/arcadepowergame.fr\/index.php\/wp-json\/wp\/v2\/media?parent=181"}],"wp:term":[{"taxonomy":"product_brand","embeddable":true,"href":"https:\/\/arcadepowergame.fr\/index.php\/wp-json\/wp\/v2\/product_brand?post=181"},{"taxonomy":"product_cat","embeddable":true,"href":"https:\/\/arcadepowergame.fr\/index.php\/wp-json\/wp\/v2\/product_cat?post=181"},{"taxonomy":"product_tag","embeddable":true,"href":"https:\/\/arcadepowergame.fr\/index.php\/wp-json\/wp\/v2\/product_tag?post=181"}],"curies":[{"name":"wp","href":"https:\/\/api.w.org\/{rel}","templated":true}]}}