{"id":179,"date":"2017-08-16T22:09:17","date_gmt":"2017-08-16T20:09:17","guid":{"rendered":"http:\/\/arcadepowergame.fr\/?post_type=product&#038;p=179"},"modified":"2024-11-13T15:07:48","modified_gmt":"2024-11-13T14:07:48","slug":"stick-arcade","status":"publish","type":"product","link":"https:\/\/arcadepowergame.fr\/index.php\/produit\/stick-arcade\/","title":{"rendered":"Stick Arcade \/ Console haut de gamme avec raspberry pi 4 int\u00e9gr\u00e9"},"content":{"rendered":"<p>Le stick arcade \/ console est personnalisable sur demande<\/p>\n<p>Contactez nous par email :&nbsp;<a href=\"mailto:arcadepowergame@gmail.com\">arcadepowergame@gmail.com<\/a><\/p>\n<ul>\n<li>Base blanche en PVC et m\u00e9tal<\/li>\n<li>D\u00e9coration au choix parmis ceux d\u00e9j\u00e0 r\u00e9aliser ( un suppl\u00e9ment de 60\u20ac vous sera demander pour un design sur mesure )<\/li>\n<li>Bouton SANWA coloris au choix (sauf chrome et gold)<\/li>\n<li>Joystick SANWA coloris au choix (sauf chrome et gold)<\/li>\n<li>Raspberry pi 4 model 2GB avec 9100 jx<\/li>\n<li>Carte SD 128g avec distribution offerte pour l&#8217;achat de stick arcade \/ console<\/li>\n<li>1 port USB ( pour pouvoir jouer \u00e0 2 avec une manette suppl\u00e9mentaire )<\/li>\n<li>1 sortie HDMI<\/li>\n<li>Alimentation avec interrupteur<\/li>\n<li>C\u00e2ble HDMI de 3 m\u00e8tres<\/li>\n<li>Poids : 3,5Kg<\/li>\n<li>Dimensions : 40cm x 23cm x 6,5cm<\/li>\n<\/ul>\n<p>&nbsp;<\/p>\n<p>Vous avez juste a le branch\u00e9 sur votre TV et \u00e0 vous les joies du Retro-Gaming.<\/p>\n<p>Le Stick Arcade \/ Console est garantie 2 ans&nbsp;<\/p>\n<p>D\u00e9lais de construction : 3 semaines<\/p>\n<p>Contactez nous avant toute commande de ce produit afin de d\u00e9finir vos choix de customisation<\/p>\n","protected":false},"excerpt":{"rendered":"<p>Contactez nous avant toute commande de ce produit afin de d\u00e9finir vos choix de customisation<\/p>\n","protected":false},"featured_media":209,"comment_status":"open","ping_status":"closed","template":"","meta":{"_monsterinsights_skip_tracking":false,"_monsterinsights_sitenote_active":false,"_monsterinsights_sitenote_note":"","_monsterinsights_sitenote_category":0,"_mbp_gutenberg_autopost":false,"ngg_post_thumbnail":0},"product_brand":[],"product_cat":[33],"product_tag":[],"class_list":{"0":"post-179","1":"product","2":"type-product","3":"status-publish","4":"has-post-thumbnail","6":"product_cat-non-classe","8":"first","9":"instock","10":"shipping-taxable","11":"purchasable","12":"product-type-simple"},"yoast_head":"<!-- This site is optimized with the Yoast SEO plugin v27.2 - https:\/\/yoast.com\/product\/yoast-seo-wordpress\/ -->\n<title>Stick Arcade \/ Console haut de gamme avec raspberry pi 4 int\u00e9gr\u00e9 | Arcade Power Game<\/title>\n<meta name=\"robots\" content=\"index, follow, max-snippet:-1, max-image-preview:large, max-video-preview:-1\" \/>\n<link rel=\"canonical\" href=\"https:\/\/arcadepowergame.fr\/index.php\/produit\/stick-arcade\/\" \/>\n<meta property=\"og:locale\" content=\"fr_FR\" \/>\n<meta property=\"og:type\" content=\"article\" \/>\n<meta property=\"og:title\" content=\"Stick Arcade \/ Console haut de gamme avec raspberry pi 4 int\u00e9gr\u00e9 | Arcade Power Game\" \/>\n<meta property=\"og:description\" content=\"Contactez nous avant toute commande de ce produit afin de d\u00e9finir vos choix de customisation\" \/>\n<meta property=\"og:url\" content=\"https:\/\/arcadepowergame.fr\/index.php\/produit\/stick-arcade\/\" \/>\n<meta property=\"og:site_name\" content=\"Arcade Power Game\" \/>\n<meta property=\"article:publisher\" content=\"https:\/\/www.facebook.com\/arcadepowergame\/?ref=bookmarks\" \/>\n<meta property=\"article:modified_time\" content=\"2024-11-13T14:07:48+00:00\" \/>\n<meta property=\"og:image\" content=\"https:\/\/arcadepowergame.fr\/wp-content\/uploads\/2017\/08\/Startrooper.jpg\" \/>\n\t<meta property=\"og:image:width\" content=\"2048\" \/>\n\t<meta property=\"og:image:height\" content=\"1152\" \/>\n\t<meta property=\"og:image:type\" content=\"image\/jpeg\" \/>\n<meta name=\"twitter:card\" content=\"summary_large_image\" \/>\n<meta name=\"twitter:label1\" content=\"Dur\u00e9e de lecture estim\u00e9e\" \/>\n\t<meta name=\"twitter:data1\" content=\"1 minute\" \/>\n<script type=\"application\/ld+json\" class=\"yoast-schema-graph\">{\"@context\":\"https:\/\/schema.org\",\"@graph\":[{\"@type\":\"WebPage\",\"@id\":\"https:\/\/arcadepowergame.fr\/index.php\/produit\/stick-arcade\/\",\"url\":\"https:\/\/arcadepowergame.fr\/index.php\/produit\/stick-arcade\/\",\"name\":\"Stick Arcade \/ Console haut de gamme avec raspberry pi 4 int\u00e9gr\u00e9 | Arcade Power Game\",\"isPartOf\":{\"@id\":\"https:\/\/arcadepowergame.fr\/#website\"},\"primaryImageOfPage\":{\"@id\":\"https:\/\/arcadepowergame.fr\/index.php\/produit\/stick-arcade\/#primaryimage\"},\"image\":{\"@id\":\"https:\/\/arcadepowergame.fr\/index.php\/produit\/stick-arcade\/#primaryimage\"},\"thumbnailUrl\":\"https:\/\/arcadepowergame.fr\/wp-content\/uploads\/2017\/08\/Startrooper.jpg\",\"datePublished\":\"2017-08-16T20:09:17+00:00\",\"dateModified\":\"2024-11-13T14:07:48+00:00\",\"breadcrumb\":{\"@id\":\"https:\/\/arcadepowergame.fr\/index.php\/produit\/stick-arcade\/#breadcrumb\"},\"inLanguage\":\"fr-FR\",\"potentialAction\":[{\"@type\":\"ReadAction\",\"target\":[\"https:\/\/arcadepowergame.fr\/index.php\/produit\/stick-arcade\/\"]}]},{\"@type\":\"ImageObject\",\"inLanguage\":\"fr-FR\",\"@id\":\"https:\/\/arcadepowergame.fr\/index.php\/produit\/stick-arcade\/#primaryimage\",\"url\":\"https:\/\/arcadepowergame.fr\/wp-content\/uploads\/2017\/08\/Startrooper.jpg\",\"contentUrl\":\"https:\/\/arcadepowergame.fr\/wp-content\/uploads\/2017\/08\/Startrooper.jpg\",\"width\":2048,\"height\":1152},{\"@type\":\"BreadcrumbList\",\"@id\":\"https:\/\/arcadepowergame.fr\/index.php\/produit\/stick-arcade\/#breadcrumb\",\"itemListElement\":[{\"@type\":\"ListItem\",\"position\":1,\"name\":\"Accueil\",\"item\":\"https:\/\/arcadepowergame.fr\/\"},{\"@type\":\"ListItem\",\"position\":2,\"name\":\"Boutique\",\"item\":\"https:\/\/arcadepowergame.fr\/index.php\/boutique\/\"},{\"@type\":\"ListItem\",\"position\":3,\"name\":\"Stick Arcade \/ Console haut de gamme avec raspberry pi 4 int\u00e9gr\u00e9\"}]},{\"@type\":\"WebSite\",\"@id\":\"https:\/\/arcadepowergame.fr\/#website\",\"url\":\"https:\/\/arcadepowergame.fr\/\",\"name\":\"Arcade Power Game\",\"description\":\"Fabrication haut de gamme et sur mesure de bartops et bornes d&#039;arcade\",\"publisher\":{\"@id\":\"https:\/\/arcadepowergame.fr\/#organization\"},\"potentialAction\":[{\"@type\":\"SearchAction\",\"target\":{\"@type\":\"EntryPoint\",\"urlTemplate\":\"https:\/\/arcadepowergame.fr\/?s={search_term_string}\"},\"query-input\":{\"@type\":\"PropertyValueSpecification\",\"valueRequired\":true,\"valueName\":\"search_term_string\"}}],\"inLanguage\":\"fr-FR\"},{\"@type\":\"Organization\",\"@id\":\"https:\/\/arcadepowergame.fr\/#organization\",\"name\":\"Arcade Power Game\",\"url\":\"https:\/\/arcadepowergame.fr\/\",\"logo\":{\"@type\":\"ImageObject\",\"inLanguage\":\"fr-FR\",\"@id\":\"https:\/\/arcadepowergame.fr\/#\/schema\/logo\/image\/\",\"url\":\"https:\/\/arcadepowergame.fr\/wp-content\/uploads\/2021\/01\/Arcadepowergame1080p-e1611141951764.jpg\",\"contentUrl\":\"https:\/\/arcadepowergame.fr\/wp-content\/uploads\/2021\/01\/Arcadepowergame1080p-e1611141951764.jpg\",\"width\":610,\"height\":343,\"caption\":\"Arcade Power Game\"},\"image\":{\"@id\":\"https:\/\/arcadepowergame.fr\/#\/schema\/logo\/image\/\"},\"sameAs\":[\"https:\/\/www.facebook.com\/arcadepowergame\/?ref=bookmarks\"]}]}<\/script>\n<!-- \/ Yoast SEO plugin. -->","yoast_head_json":{"title":"Stick Arcade \/ Console haut de gamme avec raspberry pi 4 int\u00e9gr\u00e9 | Arcade Power Game","robots":{"index":"index","follow":"follow","max-snippet":"max-snippet:-1","max-image-preview":"max-image-preview:large","max-video-preview":"max-video-preview:-1"},"canonical":"https:\/\/arcadepowergame.fr\/index.php\/produit\/stick-arcade\/","og_locale":"fr_FR","og_type":"article","og_title":"Stick Arcade \/ Console haut de gamme avec raspberry pi 4 int\u00e9gr\u00e9 | Arcade Power Game","og_description":"Contactez nous avant toute commande de ce produit afin de d\u00e9finir vos choix de customisation","og_url":"https:\/\/arcadepowergame.fr\/index.php\/produit\/stick-arcade\/","og_site_name":"Arcade Power Game","article_publisher":"https:\/\/www.facebook.com\/arcadepowergame\/?ref=bookmarks","article_modified_time":"2024-11-13T14:07:48+00:00","og_image":[{"width":2048,"height":1152,"url":"https:\/\/arcadepowergame.fr\/wp-content\/uploads\/2017\/08\/Startrooper.jpg","type":"image\/jpeg"}],"twitter_card":"summary_large_image","twitter_misc":{"Dur\u00e9e de lecture estim\u00e9e":"1 minute"},"schema":{"@context":"https:\/\/schema.org","@graph":[{"@type":"WebPage","@id":"https:\/\/arcadepowergame.fr\/index.php\/produit\/stick-arcade\/","url":"https:\/\/arcadepowergame.fr\/index.php\/produit\/stick-arcade\/","name":"Stick Arcade \/ Console haut de gamme avec raspberry pi 4 int\u00e9gr\u00e9 | Arcade Power Game","isPartOf":{"@id":"https:\/\/arcadepowergame.fr\/#website"},"primaryImageOfPage":{"@id":"https:\/\/arcadepowergame.fr\/index.php\/produit\/stick-arcade\/#primaryimage"},"image":{"@id":"https:\/\/arcadepowergame.fr\/index.php\/produit\/stick-arcade\/#primaryimage"},"thumbnailUrl":"https:\/\/arcadepowergame.fr\/wp-content\/uploads\/2017\/08\/Startrooper.jpg","datePublished":"2017-08-16T20:09:17+00:00","dateModified":"2024-11-13T14:07:48+00:00","breadcrumb":{"@id":"https:\/\/arcadepowergame.fr\/index.php\/produit\/stick-arcade\/#breadcrumb"},"inLanguage":"fr-FR","potentialAction":[{"@type":"ReadAction","target":["https:\/\/arcadepowergame.fr\/index.php\/produit\/stick-arcade\/"]}]},{"@type":"ImageObject","inLanguage":"fr-FR","@id":"https:\/\/arcadepowergame.fr\/index.php\/produit\/stick-arcade\/#primaryimage","url":"https:\/\/arcadepowergame.fr\/wp-content\/uploads\/2017\/08\/Startrooper.jpg","contentUrl":"https:\/\/arcadepowergame.fr\/wp-content\/uploads\/2017\/08\/Startrooper.jpg","width":2048,"height":1152},{"@type":"BreadcrumbList","@id":"https:\/\/arcadepowergame.fr\/index.php\/produit\/stick-arcade\/#breadcrumb","itemListElement":[{"@type":"ListItem","position":1,"name":"Accueil","item":"https:\/\/arcadepowergame.fr\/"},{"@type":"ListItem","position":2,"name":"Boutique","item":"https:\/\/arcadepowergame.fr\/index.php\/boutique\/"},{"@type":"ListItem","position":3,"name":"Stick Arcade \/ Console haut de gamme avec raspberry pi 4 int\u00e9gr\u00e9"}]},{"@type":"WebSite","@id":"https:\/\/arcadepowergame.fr\/#website","url":"https:\/\/arcadepowergame.fr\/","name":"Arcade Power Game","description":"Fabrication haut de gamme et sur mesure de bartops et bornes d&#039;arcade","publisher":{"@id":"https:\/\/arcadepowergame.fr\/#organization"},"potentialAction":[{"@type":"SearchAction","target":{"@type":"EntryPoint","urlTemplate":"https:\/\/arcadepowergame.fr\/?s={search_term_string}"},"query-input":{"@type":"PropertyValueSpecification","valueRequired":true,"valueName":"search_term_string"}}],"inLanguage":"fr-FR"},{"@type":"Organization","@id":"https:\/\/arcadepowergame.fr\/#organization","name":"Arcade Power Game","url":"https:\/\/arcadepowergame.fr\/","logo":{"@type":"ImageObject","inLanguage":"fr-FR","@id":"https:\/\/arcadepowergame.fr\/#\/schema\/logo\/image\/","url":"https:\/\/arcadepowergame.fr\/wp-content\/uploads\/2021\/01\/Arcadepowergame1080p-e1611141951764.jpg","contentUrl":"https:\/\/arcadepowergame.fr\/wp-content\/uploads\/2021\/01\/Arcadepowergame1080p-e1611141951764.jpg","width":610,"height":343,"caption":"Arcade Power Game"},"image":{"@id":"https:\/\/arcadepowergame.fr\/#\/schema\/logo\/image\/"},"sameAs":["https:\/\/www.facebook.com\/arcadepowergame\/?ref=bookmarks"]}]}},"_links":{"self":[{"href":"https:\/\/arcadepowergame.fr\/index.php\/wp-json\/wp\/v2\/product\/179","targetHints":{"allow":["GET"]}}],"collection":[{"href":"https:\/\/arcadepowergame.fr\/index.php\/wp-json\/wp\/v2\/product"}],"about":[{"href":"https:\/\/arcadepowergame.fr\/index.php\/wp-json\/wp\/v2\/types\/product"}],"replies":[{"embeddable":true,"href":"https:\/\/arcadepowergame.fr\/index.php\/wp-json\/wp\/v2\/comments?post=179"}],"wp:featuredmedia":[{"embeddable":true,"href":"https:\/\/arcadepowergame.fr\/index.php\/wp-json\/wp\/v2\/media\/209"}],"wp:attachment":[{"href":"https:\/\/arcadepowergame.fr\/index.php\/wp-json\/wp\/v2\/media?parent=179"}],"wp:term":[{"taxonomy":"product_brand","embeddable":true,"href":"https:\/\/arcadepowergame.fr\/index.php\/wp-json\/wp\/v2\/product_brand?post=179"},{"taxonomy":"product_cat","embeddable":true,"href":"https:\/\/arcadepowergame.fr\/index.php\/wp-json\/wp\/v2\/product_cat?post=179"},{"taxonomy":"product_tag","embeddable":true,"href":"https:\/\/arcadepowergame.fr\/index.php\/wp-json\/wp\/v2\/product_tag?post=179"}],"curies":[{"name":"wp","href":"https:\/\/api.w.org\/{rel}","templated":true}]}}